 number?
True
Let m(y) = -14*y + 84. Let g be m(6). Let u(f) = -2*f**3 + f**2 + 6*f + 22405. Is u(g) prime?
False
Suppose 0 = -12*g + 3518 + 2134. Suppose -234 = -3*u - 3*s + g, -4*s = -8. Is u a prime number?
True
Let u = 20 + -15. Suppose 9*a = 12*a + 6, -u*a = 3*w - 3137. Is w a composite number?
False
Let d(y) = y + 3. Let t be d(1). Suppose a = -3*i + 5347, 0*i = -t*i + a + 7120. Is i a composite number?
True
Let y = -110 - -110. Let b(n) = -929*n - 348*n + y - 3 - 188*n. Is b(-2) a composite number?
False
Let n = 738 + -1078. Let v = -216 - n. Let b = v - -457. Is b a composite number?
True
Suppose -5*h + 3*u + 33 = -0*u, 5*h - 53 = -2*u. Let l be -9*(2 + -5)*1/h. Is (1*121)/(9/l + -2) composite?
True
Is 296/(-56) + 8/28 - 6040600/(-10) composite?
True
Suppose 5*n - 4 = -5*x + 6, 0 = -4*n + 2*x + 14. Suppose 2*i - 5048 = -2*i - 4*l, 3*i - 3765 = 4*l. Is i + n + -6 + 3 a prime number?
True
Let y be (-237)/(-27) + (-2)/(-9)*1. Suppose -8 - y = -f + 4*s, -3*f + 3*s + 6 = 0. Let o(k) = 14*k**2 - 3*k - 8. Is o(f) a composite number?
False
Suppose -7*q = -2*g - 5*q + 478434, -4*g + 956848 = 6*q. Is g composite?
True
Let n = 335 + -336. Is (143/(-55))/(n/955) composite?
True
Let t(h) = -4648*h**3 + 3*h**2 - 15*h + 9. Let l be t(2). Let w = -15030 - l. Is w a composite number?
True
Suppose 0 = u + 2*m - 2717, 3*u + 2*m + 38 - 8197 = 0. Let c(r) = -190*r - 2. Let k be c(-7). Let n = u - k. Is n composite?
True
Suppose 4*s + 32 = -3*h, 4*s + 2*h = -0*s - 36. Let u(w) = -663*w - 58. Is u(s) a prime number?
False
Suppose 79457 = 3*c - 4*j, 132420 = 228*c - 223*c - 5*j. Is c a prime number?
True
Let a(q) = 0*q**2 + 95 - 4*q + 14*q**2 + q - 33. Is a(17) composite?
False
Suppose 1179049 = 3*k - s, 385*k - 390*k + 1965111 = 2*s. Is k a prime number?
False
Suppose -2673506 = -98*y + 583*y - 34223241. Is y composite?
True
Let j(k) = 9*k**2 + 2*k + 44351. Is j(0) prime?
True
Let g(t) = 78700*t - 3667. Is g(2) composite?
False
Suppose -16*a + 8*a + 67*a - 9538943 = 0. Is a a prime number?
False
Is (-12)/6 + -1391*655/(-5) a prime number?
False
Suppose 5*h - 39 = -f + 29, -4*h + 193 = 3*f. Suppose -f*r = -61*r - 826. Is r a prime number?
False
Let w be (-24)/((-5)/(-20)*6). Let b = -11 - w. Suppose b*f - 4068 = 3*f + 5*n, -6 = -3*n. Is f a composite number?
False
Suppose 2*k + 2*k - 14 = 5*f, 5*f + 11 = k. Let u(a) = 1024*a**3 + 2*a**2 - a + 2. Let p be u(f). Is 138/759 - (-1 + p/22) composite?
False
Let k = 1805 + -614. Suppose k = -28*o + 29*o. Is o a prime number?
False
Let b(j) = -266*j**3 - 19*j**2 + 11*j - 3. Is b(-4) prime?
True
Is ((8 + -790704)/(-8))/1 a composite number?
False
Suppose 2*b + 2*b = a - 66, 4*a = -4*b + 204. Suppose 8*z + 2*z = 70420. Is z/18 - 12/a composite?
True
Let t(y) = 7193*y**2 + 3*y - 4. Let s be t(3). Is (-335)/134 + s/4 a composite number?
False
Let l be 1/(-1) + -3 - (-1 - -5). Is -3*l/6 - -33*357 prime?
False
Suppose -114812 = -2*s - 2*y, -57392 = -s + 58*y - 61*y. Is s a composite number?
False
Let c be (-16491)/(-299) + (-4)/26. Suppose 3*h = c - 43. Suppose h*u = -3*f + 22681, 37794 = -f + 6*f - u. Is f a composite number?
False
Let p = 14205 + 27602. Let s = p - 23020. Is s a prime number?
True
Suppose 4*i = 3*s - 520 - 418, 0 = 2*s + 4*i - 592. Is (12515/30)/(17/s) a composite number?
True
Suppose 0 = s + 1. Let h be s - (7 + -3 - -2198). Let u = h - -3158. Is u a prime number?
False
Let c(k) = 49 - 1232*k + 11 - 413*k + 9. Is c(-2) prime?
True
Suppose -230*j - 12080 = -235*j. Let b = j - 1482. Is b a prime number?
False
Let o = 19 - 17. Let m(w) = -69*w**o + 6*w - 64*w**2 - w**3 + 31 + 146*w**2. Is m(13) prime?
True
Let a(r) = 5*r + 17*r**2 + 3*r + 248 - 239 - 4*r - 6*r. Suppose -7 = 4*l + 9. Is a(l) a prime number?
False
Let b(i) = -308*i - 93. Let x be b(-25). Let q = -2172 + x. Is q a composite number?
True
Let u(k) = 114*k**3 + 28*k**2 - 70*k + 35. Is u(16) prime?
True
Let m(f) = -7*f - f**3 + 8 - 8*f**2 + 3*f**2 - 11 + 26*f. Let y be (11 + -31)*(-1)/(-2). Is m(y) a composite number?
False
Suppose 19873031 = 80*y - 14103689. Is y composite?
False
Let g(b) = 2*b + 29. Let z be g(-9). Suppose 4*c + 40 = -2*f, 0 = -6*c + z*c + 5. Is ((-272)/6 + 3)/(3/f) composite?
True
Let m = -198636 + 281075. Is m prime?
False
Suppose -44*l + 11942899 + 24446074 = 59*l. Is l a prime number?
False
Suppose -5*d + 165341 = u, 0 = u - 3 + 7. Suppose -14*k - 37 + 415 = 0. Is d/k - 6 - (-2)/9 composite?
True
Let t(u) = 559*u**2 + 3*u - 3. Suppose -4*l + 17 = q - 55, q = 3*l + 79. Let d = 74 - q. Is t(d) prime?
False
Let v be 3/(-1 - 25/(-10)). Suppose v*u + 88 = -8. Is 2314 - ((-18)/10 - u/60) a composite number?
True
Suppose 1815 = 2*o + 5*m, o - 4*m + 903 = 2*o. Suppose -12*g + 11*g = -o. Let p = 62 + g. Is p prime?
True
Suppose -165 = -5*p + 4*b, 2*p + 12*b - 7*b = 33. Let t(u) = 6*u**2 - 43*u + 246. Is t(p) a composite number?
True
Suppose -28*d = -22*d - 54. Is (25415/8)/5 - d/24 a prime number?
False
Let z = 197 - 193. Suppose z*k - 2579 = 3*k. Is k a composite number?
False
Let m(i) = 4618*i + 2507. Is m(35) prime?
False
Let j(r) = r**3 - r. Let v = -46 - -49. Let n(a) = 27*a**3 - 3*a**2 - 4*a + 1. Let f(k) = v*j(k) - n(k). Is f(-3) a prime number?
False
Suppose 5489 + 27807 = 2*l. Suppose -9*z = -z - l. Is z a composite number?
False
Let v(j) = -1526*j + 11. Let r(t) = -t + 20. Let u be r(21). Is v(u) composite?
True
Suppose -q + 0*q + 8290 = 0. Suppose 5*z + 9451 = 3*d, z = 5*d - q - 7447. Suppose 4*v - d = 6689. Is v prime?
True
Let q(m) = m**3 + 8*m**2 - 7*m - 11. Let s = -95 + 98. Suppose l - 33 = -5*o - 7, -5*l + 18 = -s*o. Is q(l) composite?
True
Let w(c) = c**3 + 3*c**2 - 2*c - 2. Let q be w(-4). Let k be (-76)/(-95) + 8/q. Suppose o + k*g + 4*g - 103 = 0, 5*g = 4*o - 307. Is o a prime number?
True
Let k(c) = -1279*c - 162. Let h be k(13). Let n = 35868 + h. Is n composite?
False
Let h be (26256/(-30))/(-8)*-5. Let y = 3980 + h. Is y composite?
False
Suppose -16*v = -31*v + 30. Suppose v*f - 342 = 452. Is f a prime number?
True
Let z = -4795 + 9863. Suppose -4*x + 12 = 0, 3*x = 2*a - z - 6085. Is a a composite number?
False
Is 6 - (40/4 - (-1 - 0)) - -22436 composite?
True
Let v(q) = -34*q + 323*q**2 + 42*q + 366*q**2 - 11. Is v(2) a prime number?
False
Let w(v) be the third derivative of 0*v + 1/120*v**6 + 1/4*v**5 - 18*v**2 + 0 + 19/24*v**4 - 1/3*v**3. Is w(-13) a prime number?
True
Suppose 5*p + 9*d - 4*d = 83655, 3*d - 33460 = -2*p. Is p a prime number?
False
Let q(l) = 5741*l**3 - 9*l**2 + 30*l - 73. Is q(3) composite?
False
Let j = -41 - -46. Suppose -l + 38 = -j*x, -4*x - 4*l = 22 + 18. Is (-6)/x + (-1)/(20/(-25525)) composite?
False
Suppose 2*z = 5*r + 951, -3*r - 2*z - z - 558 = 0. Let h be 42/r - (-2)/9. Suppose -4*w = 8, h = 2*k - 7*k - 2*w + 3991. Is k composite?
True
Suppose 0 = -8*r + 233634 + 129918. Suppose -4*b + r = -11*b. Is ((-1)/3)/((8/b)/2) a prime number?
True
Suppose -t + 1 = 0, -5*s = t - 269120 - 23736. Is s composite?
True
Suppose 0 = -5594*g + 5602*g - 40856. Is g composite?
False
Suppose 2*w = 5*j + 154 - 138, -46 = -3*w + 2*j. Let l be (300 + 2)*(0 + 1). Suppose w*o = 17*o + l. Is o a composite number?
True
Suppose -24557*r = -24544*r - 3079271. Is r composite?
False
Suppose -t - t - 16 = 0. Let i = t - -8. Suppose -h - 5*q + 877 = i, 0 = -0*q + 3*q. Is h prime?
True
Suppose -r + 0*c + 15 = 5*c, -c = 5*r - 27. Is -2 + 332 + -4 + r + -2 a prime number?
False
Let v = -289 + 302. Suppose 50790 = v*r + 987. Is r prime?
False
Suppose 4*n + 15 = -6*u + u, 0 = 2*u + 4*n + 6. Let m be -3165*(2 - 1)*(2 + u). Suppose -820 = 5*k - m. Is k a composite number?
True
Let r = 27026 + 153. Is r a composite number?
False
Suppose -5*d - 27820 = 2*g - 442237, -3 = -3*g. Is d composite?
False
Let v = -1668 - -14021. Is v a prime number?
False
Let r(i) = -300*i**3 + 5*i**2 + 4*i + 15. Let y be r(-3). Let k = y - -5317. Is k composite?
True
Let m(o) = 5*o. Let f be m(-1). Is ((-16041)/18)/(f/30) a composite number?
False
Suppose 20*n - 17214962 = 7651218. Is n a prime number?
True
Let l(j) = -3*j - 10. Let i be l(-6). Let g be (i - 4) + -1 - (-3 - -7). Is (12777/(-6))/g - (-3)/(-6) prime?
True
Suppose 233*s = 422*s - 70240149. Is s a prime number?
False
Let x(o) = -o + 17. Let z be x(16). Suppose 2*w - 55 = -